 106 and 917346260?
106
What is the highest common divisor of 83993264 and 656?
16
What is the greatest common factor of 123862692 and 3084?
3084
What is the greatest common factor of 7621348 and 343?
7
What is the greatest common factor of 74 and 54336979?
37
What is the highest common divisor of 36491 and 466363?
401
Calculate the greatest common factor of 75657450 and 264.
66
What is the greatest common divisor of 1263648 and 128?
32
Calculate the greatest common divisor of 129 and 13282657.
43
What is the highest common divisor of 31295244 and 744?
372
What is the highest common factor of 42601 and 1547?
13
Calculate the greatest common divisor of 5674 and 695967166.
5674
Calculate the highest common divisor of 34134803 and 173.
173
What is the greatest common factor of 1987858 and 7242?
142
What is the greatest common factor of 231 and 18444657?
231
What is the greatest common factor of 17 and 437220943?
17
What is the highest common divisor of 3108725 and 225?
25
What is the highest common divisor of 12223194 and 2736?
114
Calculate the greatest common divisor of 62553792 and 232.
8
Calculate the greatest common divisor of 176 and 1487827.
11
Calculate the highest common factor of 12 and 9854892.
12
What is the greatest common divisor of 59897296 and 58?
58
What is the greatest common divisor of 646 and 7333766?
34
Calculate the highest common factor of 59056994 and 472.
118
Calculate the highest common divisor of 1089 and 30908889.
99
Calculate the highest common factor of 1440 and 475328.
32
Calculate the highest common factor of 780 and 1459524.
12
Calculate the greatest common divisor of 6561243 and 1581.
93
Calculate the greatest common factor of 426664779 and 2774.
1387
What is the highest common divisor of 208 and 2385968?
208
What is the greatest common divisor of 1278 and 4118852?
142
What is the greatest common divisor of 130 and 17391855?
65
Calculate the greatest common factor of 648642 and 804.
6
What is the highest common divisor of 394297 and 15425668?
9617
Calculate the greatest common divisor of 163416 and 10523.
619
Calculate the highest common divisor of 136819 and 15523.
361
Calculate the highest common factor of 170 and 660178.
34
What is the greatest common factor of 4 and 81262?
2
What is the highest common factor of 3248 and 323699740?
812
Calculate the greatest common factor of 334172 and 35321.
19
Calculate the greatest common factor of 312 and 21440172.
156
What is the greatest common divisor of 82770 and 205530?
930
What is the greatest common divisor of 4186512 and 18128?
176
What is the highest common divisor of 6050955 and 150?
15
What is the highest common factor of 5128224 and 10272?
96
Calculate the greatest common divisor of 20 and 9955730.
10
Calculate the greatest common divisor of 11776 and 15782048.
736
Calculate the greatest common divisor of 8651 and 411661.
211
What is the highest common factor of 1312 and 2192680?
328
What is the highest common divisor of 135732222 and 205?
41
What is the greatest common factor of 1303240 and 496?
248
What is the highest common factor of 20 and 19885120?
20
What is the greatest common divisor of 75711960 and 184680?
6840
Calculate the highest common factor of 575 and 3266425.
25
What is the highest common factor of 18656560 and 1430?
130
What is the highest common divisor of 4184 and 53264?
8
What is the greatest common divisor of 52464775 and 5?
5
What is the highest common factor of 3490 and 1315?
5
What is the highest common divisor of 96 and 552707916?
12
Calculate the greatest common factor of 42282 and 61934382.
1458
Calculate the highest common divisor of 56 and 25782260.
28
What is the greatest common divisor of 1881 and 561?
33
What is the greatest common factor of 2952 and 4261212?
1476
Calculate the greatest common factor of 57431 and 6325.
253
Calculate the greatest common factor of 7708 and 20049.
41
What is the highest common divisor of 8166879 and 4266?
27
Calculate the highest common factor of 1102039 and 943.
41
Calculate the highest common factor of 64890289 and 3461.
3461
Calculate the greatest common factor of 1041630666 and 246.
246
Calculate the highest common divisor of 192 and 659907264.
192
Calculate the highest common factor of 93801348 and 108.
108
Calculate the greatest common divisor of 4 and 1404679076.
4
What is the highest common factor of 163565 and 25?
5
Calculate the greatest common divisor of 54755 and 2042245.
1165
What is the highest common divisor of 78024373 and 85?
17
What is the greatest common divisor of 3343225 and 2910725?
4325
What is the highest common factor of 547110232 and 984?
328
Calculate the greatest common divisor of 233916 and 23533.
101
Calculate the highest common divisor of 4576968 and 3456.
72
Calculate the highest common factor of 1344 and 530516224.
448
What is the greatest common factor of 173846941 and 171?
19
Calculate the greatest common factor of 14 and 98337652.
14
Calculate the highest common divisor of 85277748 and 240.
12
What is the highest common factor of 25 and 128894850?
25
Calculate the greatest common divisor of 4632 and 3136443.
579
What is the greatest common divisor of 312 and 457237066?
26
Calculate the greatest common divisor of 418 and 803662.
38
What is the greatest common factor of 26207361 and 1323?
27
What is the highest common divisor of 377300 and 177485?
385
What is the highest common factor of 56240736 and 66?
6
What is the greatest common factor of 290 and 19980130?
290
Calculate the greatest common divisor of 1106959 and 616189.
5453
What is the highest common factor of 499069821 and 2865?
573
Calculate the greatest common divisor of 1267070 and 476135.
3935
What is the highest common divisor of 3804 and 3504118?
634
What is the greatest common factor of 1306425 and 27725?
25
Calculate the greatest common factor of 55782 and 6122591.
1033
Calculate the highest common divisor of 63778589 and 3010.
301
Calculate the highest common factor of 306656 and 7658.
14
What is the greatest common divisor of 388839 and 704?
11
Calculate the greatest common factor of 256 and 13737728.
256
What is the greatest common factor of 157 and 63805?
1
What is the highest common divisor of 199530558 and 54?
18
What is the greatest common divisor of 163037360 and 376?
376
Calculate the highest common divisor of 45420 and 154443140.
15140
Calculate the greatest common factor of 5700 and 149425.
25
What is the greatest common divisor of 258519677 and 26?
13
What is the highest common divisor of 801 and 88029?
9
What is the greatest common factor of 27930 and 190561?
49
Calculate the highest common factor of 19249618 and 436.
218
Calculate the greatest common factor of 50760 and 375.
15
What is the highest common factor of 54 and 106948872?
18
Calculate the highest common factor of 1887 and 3611163.
111
What is the greatest common divisor of 74 and 13037357?
37
Calculate the greatest common divisor of 645210 and 961930.
1070
Calculate the greatest common factor of 131081 and 526927.
19
What is the greatest common divisor of 1672692 and 168?
84
What is the greatest common divisor of 365928 and 57900?
2316
Calculate the greatest common factor of 8699543 and 46.
23
What is the greatest common factor of 18011 and 2075332?
581
Calculate the greatest common divisor of 635726805 and 63.
21
Calculate the highest common divisor of 25809347 and 109.
109
Calculate the highest common divisor of 101860288 and 24.
8
What is the highest common divisor of 3791 and 1539877?
17
What is the highest common divisor of 10443 and 1450338?
177
Calculate the greatest common divisor of 82 and 36621446.
82
What is the highest common divisor of 101844956 and 388?
388
Calculate the highest common divisor of 127 and 893.
1
What is the highest common divisor of 289459656 and 135?
27
What is the greatest common factor of 121197539 and 153?
17
Calculate the greatest common factor of 1081 and 28505500.
47
Calculate the greatest common factor of 2272785 and 6570.
15
Calculate the highest common divisor of 17478366 and 1254.
114
Calculate the highest common factor of 25731735 and 15.
15
What is the highest common divisor of 557236 and 5?
1
Calculate the highest common factor of 98816 and 1520840.
1544
What is the highest commo